{"id":13,"date":"2020-04-28T09:25:42","date_gmt":"2020-04-28T09:25:42","guid":{"rendered":"http:\/\/hv.thw-gg.de\/?page_id=13"},"modified":"2020-04-28T09:51:45","modified_gmt":"2020-04-28T09:51:45","slug":"was-wir-machen","status":"publish","type":"page","link":"https:\/\/www.thw-hv-gg.de\/?page_id=13","title":{"rendered":"Was wir machen"},"content":{"rendered":"\t\t<div data-elementor-type=\"wp-page\" data-elementor-id=\"13\" class=\"elementor elementor-13\">\n\t\t\t\t\t\t<section class=\"elementor-section elementor-top-section elementor-element elementor-element-cf1f8a1 elementor-section-boxed elementor-section-height-default elementor-section-height-default\" data-id=\"cf1f8a1\" data-element_type=\"section\" data-e-type=\"section\">\n\t\t\t\t\t\t<div class=\"elementor-container elementor-column-gap-default\">\n\t\t\t\t\t<div class=\"elementor-column elementor-col-100 elementor-top-column elementor-element elementor-element-0528c07\" data-id=\"0528c07\" data-element_type=\"column\" data-e-type=\"column\">\n\t\t\t<div class=\"elementor-widget-wrap elementor-element-populated\">\n\t\t\t\t\t\t<div class=\"elementor-element elementor-element-1d7d988 elementor-widget elementor-widget-text-editor\" data-id=\"1d7d988\" data-element_type=\"widget\" data-e-type=\"widget\" data-widget_type=\"text-editor.default\">\n\t\t\t\t<div class=\"elementor-widget-container\">\n\t\t\t\t\t\t\t\t\t<div id=\"c24132\" class=\"csc-default\">\n<div class=\"csc-header csc-header-n1\">\n<h2 class=\"csc-firstHeader\">1. Beschaffung von zus\u00e4tzlicher Ausstattung<\/h2>\n<\/div>\n<p class=\"bodytext\">Vor allem im Rahmen der allgemeinen Gefahrenabwehr ist das dem THW vom Bund zu Verf\u00fcgung gestellte Ger\u00e4t nicht komplett. Aufgabe des F\u00f6rdervereins ist, die technischen M\u00f6glichkeiten des Ortsverbandes zu verbessern, um eine effektive St\u00fctze der allgemeinen Gefahrenabwehr zu sein und zu bleiben.\nIn den vergangenen Jahren haben Feuerwehr und Polizei verst\u00e4rkt auf die Unterst\u00fctzung des THW zur\u00fcckgegriffen, so <abbr title=\"unter anderem\">u.a.<\/abbr> bei einem Silogro\u00dfbrand bei der Firma S\u00fcdzucker, bei der Befreiung eines durch Sturmsch\u00e4den steckengebliebenen ICEs oder bei der Suche nach festzunehmenden Tankstellenbetr\u00fcgern. Zus\u00e4tzlich betreibt der Ortsverband Gro\u00df-Gerau ein Hochwasserdepot f\u00fcr den Landkreis.<\/p>\nEin besondere Aktivit\u00e4t des Ortsverbandes liegt zudem in der humanit\u00e4ren Hilfe im Ausland. Viele Helfer des <abbr title=\"Ortsverband\">OV<\/abbr> waren bereits ehrenamtlich im Ausland t\u00e4tig. Au\u00dferdem stellt der Ortsverband die Einheit &#8222;SEELift&#8220;, die f\u00fcr die Einsatzlogistik am Rhein-Main-Flughafen t\u00e4tig ist. In allen Eins\u00e4tzen kam auch Ger\u00e4t zum Einsatz, das vom F\u00f6rderverein des Ortsverbandes beschafft wurde, so vor allem zus\u00e4tzliches Werkzeug, Beleuchtungseinrichtungen und Kommunikationsmittel.\n\nDas vom F\u00f6rderverein beschaffte Ger\u00e4t dient der Verbesserung zum einen der technischen Ausstattung, zum anderen auch der Sicherheit der ehrenamtlichen Helfer.\n\n<\/div>\n<div id=\"c24134\" class=\"csc-default\">\n<div class=\"csc-header csc-header-n2\">\n<h2>2. Jugendarbeit<\/h2>\n<\/div>\n<p class=\"bodytext\">Die Jugendarbeit des Ortsverbandes Gro\u00df-Gerau wird durch den F\u00f6rderverein erst erm\u00f6glicht. Die THW-Jugend des Ortsverbandes ist Teil des THW-Jugend <abbr title=\"eingetragener Verein\">e.V.<\/abbr> als bundesweitem Tr\u00e4gerverein.\nDie THW-Jugend hat sich zum Ziel gesetzt, ihre Mitglieder in der Altersgruppe zwischen 10 und 18 Jahren spielerisch an die Technik des THW heranzuf\u00fchren.\nDabei bleibt auch Zeit f\u00fcr spielerische Aktivit\u00e4ten wie Radtouren, Zeltlager und Ausfl\u00fcge. Das Erlernte wird in Wettk\u00e4mpfen und \u00dcbungen angewendet.\nDie Finanzierung der THW-Jugend erfolgt zu einem gro\u00dfen Teil durch den F\u00f6rderverein.<\/p>\n\n<\/div>\n<div id=\"c24135\" class=\"csc-default\">\n<div class=\"csc-header csc-header-n3\">\n<h2>3. weitere Projekte<\/h2>\n<\/div>\n<p class=\"bodytext\">Auch weitere Projekte des Ortsverbandes Gro\u00df-Gerau werden vom F\u00f6rderverein finanziell und tatkr\u00e4ftig unterst\u00fctzt.<\/p>\nSo erh\u00e4lt der Ortsverband Gro\u00df-Gerau eine Partnerschaft mit dem Zivilschutz-Corps UIISC 7 aus Brignoles, Frankreich aufrecht.\n\nF\u00fcr ein Projekt in Zusammenarbeit mit dem alevitischen Verein Mainspitze zur \u00d6ffnung der ehrenamtlichen Dienste f\u00fcr ausl\u00e4ndische Jugendliche wurde der F\u00f6rderverein mit dem Toleranzpreis des Landkreises Gro\u00df-Gerau ausgezeichnet.\n\n<\/div>\n<div id=\"c24136\" class=\"csc-default\">\n<div class=\"csc-header csc-header-n4\">\n<h2>4. Dachorganisation<\/h2>\n<\/div>\n<p class=\"bodytext\">Alle \u00f6rtlichen THW-Vereinigungen sind rechtlich eigenst\u00e4ndige, eingetragene und gemeinn\u00fctzige Vereine, die sich in der THW-Landesvereinigung Hessen <abbr title=\"eingetragener Verein\">e.V.<\/abbr> als Dachorganisation zusammengeschlossen haben.<\/p>\n\n<\/div>\t\t\t\t\t\t\t\t<\/div>\n\t\t\t\t<\/div>\n\t\t\t\t\t<\/div>\n\t\t<\/div>\n\t\t\t\t\t<\/div>\n\t\t<\/section>\n\t\t\t\t<\/div>\n\t\t","protected":false},"excerpt":{"rendered":"<p>1. Beschaffung von zus\u00e4tzlicher Ausstattung Vor allem im Rahmen der allgemeinen Gefahrenabwehr ist das dem THW vom Bund zu Verf\u00fcgung<\/p>\n","protected":false},"author":1,"featured_media":0,"parent":0,"menu_order":0,"comment_status":"closed","ping_status":"closed","template":"","meta":{"footnotes":""},"class_list":["post-13","page","type-page","status-publish","hentry"],"_links":{"self":[{"href":"https:\/\/www.thw-hv-gg.de\/index.php?rest_route=\/wp\/v2\/pages\/13","targetHints":{"allow":["GET"]}}],"collection":[{"href":"https:\/\/www.thw-hv-gg.de\/index.php?rest_route=\/wp\/v2\/pages"}],"about":[{"href":"https:\/\/www.thw-hv-gg.de\/index.php?rest_route=\/wp\/v2\/types\/page"}],"author":[{"embeddable":true,"href":"https:\/\/www.thw-hv-gg.de\/index.php?rest_route=\/wp\/v2\/users\/1"}],"replies":[{"embeddable":true,"href":"https:\/\/www.thw-hv-gg.de\/index.php?rest_route=%2Fwp%2Fv2%2Fcomments&post=13"}],"version-history":[{"count":2,"href":"https:\/\/www.thw-hv-gg.de\/index.php?rest_route=\/wp\/v2\/pages\/13\/revisions"}],"predecessor-version":[{"id":47,"href":"https:\/\/www.thw-hv-gg.de\/index.php?rest_route=\/wp\/v2\/pages\/13\/revisions\/47"}],"wp:attachment":[{"href":"https:\/\/www.thw-hv-gg.de\/index.php?rest_route=%2Fwp%2Fv2%2Fmedia&parent=13"}],"curies":[{"name":"wp","href":"https:\/\/api.w.org\/{rel}","templated":true}]}}